et m(y) = -6*n(y) - 2*r(y). Let s be m(3). Let k = 553 + s. Is k a prime number?
True
Let f = 1272 - -808009. Is f prime?
False
Suppose 5*a - 147453 = 295*j - 293*j, 0 = -4*a - 2*j + 117948. Is a composite?
True
Suppose -2*t = 8, -6*u + 5*u + 4*t = -17. Let g be u - (-13)/(-3)*(-933 - 0). Suppose 3*q = 15*q - g. Is q a prime number?
True
Let y(t) = -3667*t - 162 + 41 - 3875*t - 180. Is y(-8) a prime number?
False
Suppose -44*p + 38*p = 0. Suppose -22*r + 23*r - 6007 = p. Is r a composite number?
False
Let j = 8 - 5. Suppose -1143 = -3*q + 2*v, j*q = 5*q - v - 761. Is q composite?
False
Let v(u) = 3*u**2 + 12*u - 80. Let p(m) = -m - 1. Let c(s) = 6*p(s) + v(s). Is c(23) a composite number?
True
Is (-15)/(-40)*-8526598*(-12)/9 a composite number?
False
Suppose -18*f + 101 = 47. Let z(d) = 942*d**2 + 12*d - 47. Is z(f) a prime number?
True
Let m(z) = -17595*z + 1282. Is m(-35) composite?
False
Suppose 6*h + 44666 = -21592. Is (-120)/36*h/15 + 5 composite?
False
Let q(y) = 3*y**3 + 50*y**2 - 14*y - 21. Let o be q(-16). Suppose 24*x = 29*x - o. Is x a prime number?
False
Let d(h) = -h**2 - 4*h + 2. Let m(x) = x**2 + x - 1. Let r(y) = d(y) + 5*m(y). Suppose 5*c - 319 + 269 = 0. Is r(c) prime?
False
Let u be ((-16)/(-80))/(1/12535). Suppose u = 2*a - 3159. Is a a composite number?
False
Suppose 0*c = -2*o - 3*c + 15017, o = -3*c + 7501. Let j = -4157 + o. Is j a prime number?
True
Let l(o) = -25754*o + 19. Is l(-5) a prime number?
False
Let a(h) = h**3 + 7*h**2 - 14*h - 14. Let c be a(-7). Is (-8)/c - 791021/(-147) prime?
True
Is (2 + -7 - (-1037691)/45)*5 composite?
True
Let m(n) be the third derivative of 0*n + 0 + 7/6*n**3 - 461/24*n**4 - 16*n**2. Is m(-2) composite?
False
Suppose 247586 = 3*c - 2*z, 19*z + 4 = 18*z. Is c a prime number?
False
Let h(k) = 34578*k**3 + k**2 - 20*k + 46. Is h(3) composite?
False
Suppose -4*q + f + 33 = 28, 3*f = -3*q. Let l = -4 + 6. Suppose -l*v = -321 - q. Is v a composite number?
True
Let m be (-26)/(5/(-790)*4). Let g = -287 + m. Is g - (-6)/(-15)*20/8 a prime number?
True
Suppose 851*n = 872*n - 273903. Is n a prime number?
True
Suppose -2*h = -y + 58, h - 5*y - 7 = 2*h. Is (-129138)/h + (-3)/(-27) a composite number?
False
Let u(y) = 120382*y + 1693. Is u(3) composite?
True
Suppose -95 = -2*l + 3*w + 64, -234 = -3*l + 3*w. Suppose -78*o = -l*o - 402. Is o a composite number?
True
Is ((0 - -5) + -2)*(-12)/(-36)*32987 a composite number?
False
Suppose 164*p - 16*p = 2830796. Is p a prime number?
False
Suppose -26814 = 14*o - 134*o - 98*o. Is o a prime number?
False
Let t(z) = -3*z - 8. Let r(m) = -2*m - 4. Let s(a) = 5*r(a) - 3*t(a). Let w be s(3). Is ((-2)/((-2)/653))/w prime?
True
Is (398209 - (-1 - -2)) + (-55)/11 a prime number?
False
Suppose -53*p + 11 = -52*p. Suppose -i + 0*i - 3*u = -p, -15 = -5*u. Is (12 + -11)/(((-2)/i)/(-923)) a composite number?
True
Suppose 3*d - 1 = 2. Let g(o) = -d + 1 + 4 - 3 + 15*o. Is g(6) composite?
True
Suppose -28833 - 14745 = -9*s. Let y be s/(-30) + (-5)/((-75)/(-9)). Let j = 320 + y. Is j composite?
True
Let l(k) = -12*k + 5. Let a be l(0). Suppose -4*u + 1157 = x, x + 4628 = a*x + 2*u. Is x prime?
False
Let p = -28 + 56. Let o(m) = 9*m**2 + 2*m + 103. Let r be o(-7). Suppose -r = -p*s + 26*s. Is s prime?
False
Suppose -4*w - 4*h = -372, 90 = -w + 2*w + 2*h. Suppose 0 = b - c - 52 - 14, 192 = 3*b - c. Let u = w + b. Is u a composite number?
True
Suppose 60*m - 51*m = 15624. Let n = 2803 - m. Is n a prime number?
False
Let u = 214721 - 147156. Is u prime?
False
Suppose -4*r - 5*s + 3584220 = 0, -2*r + 2470864 = -3*s + 678798. Is r a prime number?
False
Suppose -5*n + c + c + 25 = 0, 15 = 3*n - 2*c. Suppose -n*m = k + 1442, -3*k = 4*m + 5214 - 866. Let r = -811 - k. Is r composite?
False
Let r = -35039 - -66856. Is r composite?
False
Let g(b) = -512*b**3 + 10*b**2 - b + 34. Is g(-15) a composite number?
False
Let y(r) = -r**3 - 8*r**2 - 3*r - 22. Let a be y(-8). Suppose -a*v - 7 = -b, 2*v - 2*b + 5 = v. Is 10473/9 + v/((-27)/(-6)) composite?
False
Let y = 82738 + -45999. Is y prime?
True
Suppose 0 = 7*t - 0*t - 28. Is (-8)/(-1) - t - -1078 a prime number?
False
Let o(k) = -2335*k + 10613. Is o(-51) prime?
False
Is (-564954754)/(-1106) - (0/(-1) + 0) a composite number?
True
Let j = 4318 - 7313. Let q = 18872 + j. Is q a composite number?
False
Is -469022*((-13)/78 + ((-8)/(-12))/(-2)) prime?
True
Let s(n) = -15286*n - 523. Is s(-46) prime?
False
Let o = 222405 - 61994. Is o a composite number?
True
Suppose 4*l - 6*l = 190. Let u = l - -94. Is 1772 + -17 - (4 - (u + 1)) prime?
False
Suppose c = -21 + 3. Let j = -1 - c. Suppose 2*l + j - 202 = x, -5 = -5*x. Is l composite?
True
Suppose 409 - 6729 = -8*r. Let i = 1449 - r. Let x = 1146 - i. Is x a prime number?
True
Suppose 14*a - 1617288 = 2098466 + 1248128. Is a a composite number?
True
Let q(h) = -8 + 31 - 14 - 22*h. Let u be q(-11). Suppose -2*m + w - 304 = -6*m, 3*m - 5*w = u. Is m a composite number?
True
Let h(v) = -797*v + 6. Is h(-23) a composite number?
True
Let s be (-2)/3 - (-22)/6. Suppose 4*t + 15543 = 5*o, 10685 - 1368 = s*o + 2*t. Is o prime?
False
Let f(q) = -2792*q - 21. Let m(g) = 2792*g + 21. Let u(z) = -5*f(z) - 6*m(z). Is u(-4) prime?
False
Suppose -w = 3*w + 2*y + 3996, -4*w = 3*y + 3998. Let j = 2270 - 2627. Let d = j - w. Is d a composite number?
False
Let s(g) = 17*g**2 + 2*g - 2. Let i be s(1). Suppose x = 4*u - 5166, 2*u - 20*x = -i*x + 2588. Is u composite?
False
Suppose -8*l - 35 = 21. Is l/42 + 11606/12 prime?
True
Let n(b) = -9084*b - 61. Let c = 581 - 583. Is n(c) a composite number?
True
Suppose -364 = 3*y + 3*q + 497, 5*y - 4*q = -1417. Suppose -3*k - 685 - 551 = 0. Let u = y - k. Is u a prime number?
True
Suppose 43 = 4*j + 23. Suppose -9*q + j*q - l = -3000, 0 = -3*q + 2*l + 2239. Is q prime?
False
Is (-24)/30 - 443985/(-75) a prime number?
False
Let b = 17 - 12. Suppose -b*s + 49377 = -5*u + 8612, 2*u + 40771 = 5*s. Suppose 16*a - s = 9*a. Is a a composite number?
True
Let l(b) = -b - 8. Let m be l(-8). Suppose m = 2*j + 5 - 1, 0 = -5*q - j + 58. Let w = 83 - q. Is w a composite number?
False
Let k(c) = 697*c**2 + 5*c - 14. Let i(g) = g**2 - 24*g + 146. Let d be i(13). Is k(d) a composite number?
True
Let q = 496506 - 268039. Is q a composite number?
True
Suppose -4*n = -j + 152, -2*n + 9*j - 4*j = 76. Let u = -32 - n. Suppose 0 = -u*a + 8*a - 958. Is a prime?
True
Let b(j) = -2*j**2 + 20*j - 15. Let k be b(9). Let w(r) = 3 - 4 + 452*r - 8. Is w(k) composite?
True
Suppose 44*u - 9290933 = -130*u + 6195415. Is u prime?
False
Let y = 9956 + -16025. Let j = 10558 + y. Is j a prime number?
False
Suppose 1577717 = -22*d + 59*d. Is d composite?
False
Let s(u) = -35*u - 4 + 24*u**2 - 22*u**2 + 2*u**2 + 53 + 4*u**3 + 3*u**2. Is s(17) a prime number?
False
Suppose -46*c + 464152 + 215176 = 0. Let z = c - 1401. Is z composite?
False
Let s = -78520 + 145107. Is s prime?
True
Let v = -25349 - -9179. Let g = v + 23881. Suppose -g + 21806 = 5*z + n, 5*z = -2*n + 14095. Is z a composite number?
False
Let f(d) = -6*d**3 + 3*d**2 + 4*d - 12. Let w be f(-5). Suppose 0 = -3*y + 12*q - 10*q + w, -4*q + 781 = 3*y. Is y prime?
True
Let u(s) = -10 + 4*s**3 - 5*s**3 - 12*s + 42 - 25*s**2. Let y be u(-24). Let b = 799 + y. Is b a composite number?
True
Suppose -4*b = 2 + 14, 0 = -4*w + b + 16. Suppose 0 = 6*q - 5*q - 4*r - 3389, -3*q + w*r = -10167. Is q a prime number?
True
Suppose 286 = -6*d + 1564. Is (-3)/((-18)/d)*(36 - -2) prime?
False
Suppose -3*v + 17 + 13 = 0. Let t(s) = -7*s**3 - 4*s**2 - 17*s + 22. Let l(p) = 4*p**3 + 2*p**2 + 9*p - 11. Let o(a) = -5*l(a) - 3*t(a). Is o(v) prime?
True
Let h(a) = -2*a**2 + 15*a - 5. Let l be h(7). Suppose -5 = 3*u - l, 2*m + 4*u - 578 = 0. Is m a prime number?
False
Suppose -118 = t - 2*x, 0 = 6*t - 2*t + 3*x + 472. Is (-1 - -1 - 0) + (17655 - t) prime?
False
Let m(d) = 148*d + 46. Let t(i) = 149*i + 47. Let u(x) = -2*m(x) + 3*t(x). Is u(8) a composite number?
True
Let p(f) = -4758*f - 311. Is p(-19) composite?
True
Suppose j + 2*v = 149961, 299947 = 2*j + 67*v - 68*v. Is j a composite number?
False
Suppose -98*n = -92*n + 6. Is n + (-21)/(-15) + (-26904)/(-40) a prime number?
True
Suppose 121*p - 1923540 = 61*p. Is p composite?
False
Let d(x) be the third derivative